or of 114296?
True
Does 88 divide 229944?
True
Does 104 divide 367506?
False
Is 567811 a multiple of 312?
False
Does 3 divide 25925?
False
Does 433 divide 1292072?
True
Is 74 a factor of 507588?
False
Is 112727 a multiple of 19?
True
Is 12339529 a multiple of 1667?
False
Does 6 divide 9795654?
True
Is 372817 a multiple of 4?
False
Is 14 a factor of 2288787?
False
Does 65 divide 1441635?
True
Is 194 a factor of 5747131?
False
Is 318481 a multiple of 227?
True
Does 8 divide 104462?
False
Is 1294384 a multiple of 112?
True
Is 19114 a multiple of 9?
False
Is 871973 a multiple of 30?
False
Does 69 divide 1015297?
False
Is 148 a factor of 2931855?
False
Is 256 a factor of 364032?
True
Does 6 divide 1019541?
False
Is 413135 a multiple of 385?
False
Is 4 a factor of 78876?
True
Is 26660036 a multiple of 92?
True
Is 1258374 a multiple of 13?
True
Is 345 a factor of 8280?
True
Is 93047 a multiple of 282?
False
Does 376 divide 338776?
True
Is 135 a factor of 7155?
True
Is 65352 a multiple of 24?
True
Does 437 divide 23839069?
False
Is 1379019 a multiple of 417?
True
Is 18 a factor of 237801?
False
Is 50 a factor of 64200?
True
Is 7 a factor of 17906?
True
Is 488460 a multiple of 4?
True
Is 22 a factor of 638968?
True
Is 24 a factor of 1584?
True
Does 15 divide 193279?
False
Is 4062846 a multiple of 681?
True
Is 101 a factor of 20120418?
False
Is 9 a factor of 69480?
True
Does 23 divide 954524?
False
Is 777242 a multiple of 16?
False
Does 48 divide 399648?
True
Is 6597027 a multiple of 4?
False
Is 536 a factor of 145792?
True
Is 10810170 a multiple of 10?
True
Is 14 a factor of 91714?
True
Is 27 a factor of 39312?
True
Does 18 divide 373230?
True
Is 143 a factor of 240526?
True
Does 19 divide 1483197?
True
Is 79 a factor of 270812?
True
Is 110016 a multiple of 6?
True
Is 491 a factor of 1751778?
False
Is 1414107 a multiple of 639?
True
Does 130 divide 882570?
True
Does 31 divide 10379?
False
Is 4625 a multiple of 19?
False
Does 23 divide 934375?
True
Is 712540 a multiple of 46?
True
Is 12 a factor of 40608?
True
Is 1711 a factor of 6953924?
False
Does 2 divide 48965?
False
Is 46 a factor of 245440?
False
Does 422 divide 83134?
True
Is 103035 a multiple of 8?
False
Does 57 divide 1049598?
True
Is 56781 a multiple of 98?
False
Is 3026947 a multiple of 7?
True
Does 86 divide 1300234?
True
Is 1403180 a multiple of 76?
False
Does 153 divide 1700748?
True
Is 2072917 a multiple of 7?
True
Is 1064508 a multiple of 172?
True
Is 1408611 a multiple of 9?
False
Does 32 divide 17379008?
True
Is 112728 a multiple of 308?
True
Is 9 a factor of 73962?
True
Does 477 divide 521361?
True
Is 823152 a multiple of 16?
True
Is 892391 a multiple of 1005?
False
Does 6 divide 3927900?
True
Does 2306 divide 22917028?
True
Is 606 a factor of 911313?
False
Is 17117 a multiple of 4?
False
Is 270948 a multiple of 268?
True
Is 9 a factor of 1109865?
False
Is 8 a factor of 449455?
False
Does 50 divide 608600?
True
Is 352425 a multiple of 75?
True
Is 3054317 a multiple of 1245?
False
Is 47 a factor of 6706424?
False
Does 5 divide 384130?
True
Is 6 a factor of 55217?
False
Is 112895 a multiple of 34?
False
Is 137 a factor of 9737?
False
Does 278 divide 9369311?
False
Is 15669291 a multiple of 1581?
True
Is 42 a factor of 1844850?
True
Is 7 a factor of 324524?
False
Is 938600 a multiple of 152?
True
Is 14 a factor of 2500866?
False
Does 110 divide 2117201?
False
Is 238269 a multiple of 353?
False
Is 13 a factor of 399934?
False
Is 2139714 a multiple of 18?
True
Is 5580 a multiple of 124?
True
Is 1152 a factor of 3180672?
True
Does 8 divide 79427?
False
Is 787551 a multiple of 225?
False
Does 456 divide 5798952?
True
Is 308 a factor of 133459?
False
Does 37 divide 58827?
False
Is 38 a factor of 1104147?
False
Does 45 divide 118529?
False
Is 608525 a multiple of 12?
False
Is 82 a factor of 6134256?
True
Is 1056087 a multiple of 6?
False
Is 724 a factor of 7005284?
False
Does 65 divide 1516435?
False
Does 14 divide 110808?
False
Is 117721 a multiple of 96?
False
Is 3 a factor of 221769?
True
Is 296339 a multiple of 2?
False
Does 19 divide 2529047?
False
Does 28 divide 251735?
False
Is 162 a factor of 900882?
True
Is 132657 a multiple of 48?
False
Is 43 a factor of 674627?
True
Does 210 divide 609840?
True
Is 6 a factor of 98522?
False
Does 49 divide 13411?
False
Is 23 a factor of 159505?
True
Is 32 a factor of 3808277?
False
Is 41 a factor of 4423142?
False
Does 55 divide 275220?
True
Is 412347 a multiple of 291?
True
Is 18 a factor of 754524?
True
Does 104 divide 1157104?
True
Is 113460 a multiple of 124?
True
Is 32 a factor of 44398?
False
Is 17 a factor of 106864?
False
Is 196 a factor of 190512?
True
Does 20 divide 611860?
True
Does 15 divide 1062195?
True
Is 15 a factor of 5387377?
False
Is 242 a factor of 89132?
False
Does 183 divide 765123?
True
Is 162 a factor of 350630?
False
Does 75 divide 4326000?
True
Is 7 a factor of 25515?
True
Is 29 a factor of 67703?
False
Does 107 divide 1348808?
False
Is 611 a factor of 317109?
True
Is 613095 a multiple of 532?
False
Does 3 divide 2062472?
False
Does 13 divide 4501244?
False
Does 90 divide 3133826?
False
Does 704 divide 89408?
True
Is 6 a factor of 29946?
True
Is 116 a factor of 821512?
True
Is 72 a factor of 1479312?
True
Is 174 a factor of 3869481?
False
Does 19 divide 3541999?
True
Is 31360 a multiple of 160?
True
Is 267 a factor of 1205475?
False
Is 34 a factor of 29957?
False
Is 43 a factor of 3088715?
False
Is 85 a factor of 324395?
False
Is 267 a factor of 7541682?
True
Does 35 divide 22872?
False
Is 99 a factor of 1566779?
False
Is 66 a factor of 858059?
False
Is 118269 a multiple of 13?
False
Is 18397 a multiple of 33?
False
Does 96 divide 137094?
False
Is 15 a factor of 1923557?
False
Is 777966 a multiple of 498?
False
Is 113770 a multiple of 334?
False
Is 76 a factor of 732751?
False
Is 7249455 a multiple of 476?
False
Is 3451542 a multiple of 75?
False
Is 6 a factor of 257914?
False
Is 463 a factor of 1918672?
True
Is 380 a factor of 2703700?
True
Is 226232 a multiple of 3?
False
Does 10 divide 129000?
True
Is 469 a factor of 1244655?
False
Is 5846663 a multiple of 15?
False
Does 10 divide 96270?
True
Is 185856 a multiple of 3?
True
Is 73 a factor of 4790406?
True
Is 333 a factor of 976471?
False
Is 9294071 a multiple of 7?
False
Does 2 divide 2185?
False
Is 151512 a multiple of 177?
True
Is 289 a factor of 94609?
False
Is 429 a factor of 159588?
True
Is 95709 a multiple of 523?
True
Is 936901 a multiple of 8?
False
Does 3 divide 324564?
True
Is 1216098 a multiple of 13?
True
Is 276655 a multiple of 213?
False
Is 167 a factor of 476376?
False
Is 13982 a multiple of 51?
False
Is 3882564 a multiple of 434?
True
Is 12 a factor of 17196?
True
Does 94 divide 3977360?
False
Does 152 divide 349584?
False
Is 10 a factor of 4771?
False
Is 9155 a multiple of 32?
False
Is 508256 a multiple of 8?
True
Does 154 divide 763699?
False
Is 11960910 a multiple of 30?
True
Is 18 a factor of 999468?
True
Does 586 divide 3742196?
True
Does 26 divide 41496?
True
Is 38315158 a multiple of 98?
True
Does 129 divide 2169505?
False
Is 37 a factor of 2368?
True
Is 136496 a multiple of 8?
True
Is 55 a factor of 10313669?
False
Does 12 divide 830851?
False
Does 46 divide 1120054?
True
Does 13 divide 803963?
False
Is 50 a factor of 2608500?
True
Is 4056101 a multiple of 44?
False
Is 1380322 a multiple of 74?
True
Does 416 divide 52616?
False
Does 21 divide 147993?
False
Is 18 a factor of 23034159?
False
Is 15606 a multiple of 27?
True
Does 37 divide 50949?
True
Does 148 divide 1639100?
True
Is 31 a factor of 891870?
True
Is 1255965 a multiple of 465?
True
Does 11 divide 742082?
True
Does 603 divide 2222182?
False
Is 56 a factor of 32919?
False
Does 1959 divide 8304201?
True
Does 153 divide 4194572?
False
Is 128772 a multiple of 219?
True
Is 20339748 a multiple of 22?
True
Is 398 a factor of 4765254?
True
Is 229 a factor of 408536?
True
Does 32 divide 161600?
True
Is 370356 a multiple of 14?
True
Is 592339 a multiple of 12?
False
Does 68 divide 567706?
False
Does 386 divide 1494978?
True
Is 15 a factor of 405585?
True
Does 3 divide 56071?
False
Is 56 a factor of 55367?
False
Does 52 divide 5460?
True
Does 13 divide 5087043?
True
Is 111688 a multiple of 184?
